- (3 - -30))?
51
What is the value of -22 - (-15 + -13 + -29 - 0)?
35
-23 + (131 - 75) + -2 + 13
44
Calculate (-30 - -19) + (-26 + 20 - -12).
-5
48 + -12 + -6 + 4 + 5 + 2
41
What is 8 + ((1 - 9) + 3 - (12 + 3 + 7))?
-19
What is (4 - 10 - -41) + (1357 - 1426)?
-34
What is (-694 - -785) + (-8 - 82)?
1
61 - (-217 + 230 + (5 - 7) + 1 + -3)
52
7 - (23 + -11 - 46) - (1 + -5 + -3)
48
-1 - (0 + (-23 - (7 + -15))) - 1
13
-8 - (-12 + -13 + 38 - (-6 + 2 + 31))
6
Calculate (-4 - -6) + -11 - -4 - (-337 + 351).
-19
Evaluate -12 + -26 + -27 + 109.
44
Calculate 1 - (23 - 0) - (-2112 - -2098).
-8
What is (44 - 119 - -84) + (-14 - -5 - (0 + 4))?
-4
What is the value of -21 + 28 + -17 - (0 + (-1 + 1 - 9))?
-1
Calculate 6912 - 6983 - (-1 - 143).
73
Evaluate 1 - (2 + 0) - ((35 - 60 - -56) + -91).
59
Evaluate 22 + (-54 - (-42 + 27)).
-17
What is -14 + (-9 - 9) + (50 - (-13 + 20))?
11
-67 - (-127 + 50) - (-8 - 2)
20
What is the value of -60 - (13 + (-17 - 3) + (31 - 10))?
-74
125 + (76 - 4) + -21 + -44
132
What is the value of (-7 + 24 - 7) + (-1 - 8) + -27 + 3?
-23
Evaluate 73 + (-1 - (3 - 3) - (-56 - -59)) + -6.
63
What is (25 - 14 - 1) + -21?
-11
Calculate 2 - -104 - (-117 + 90 + 37).
96
5 - (30 - ((-11 - 22) + 33))
-25
Evaluate -8 - (63 - (-1 + 3) - (-17 + 37 + -33)).
-82
Evaluate 45 + (-7 - ((-1 - 1) + 13 + 28 + -39)).
38
19 + (8 - (-4 - -10 - (2 + -7 + 11)))
27
Calculate -7 - 0 - 4 - (25 + -42).
6
What is 19 - (1 + 79 - -8 - (27 - 17))?
-59
Calculate -1 + 119 - (-3771 - -3902).
-13
What is the value of (-6 - (-15 - -8)) + 17 + -59 + -2?
-43
Evaluate -188 + 229 - (9 - 5).
37
What is (14 + 9 + -3 - -5) + -37?
-12
What is -32 + (20 - (-31 + 21)) - (6 - -6)?
-14
What is the value of -54 - -86 - ((6 - -10) + 6)?
10
What is the value of -2 + (85 - -2) + (19 - -43 - 68)?
79
What is 1 + 5 + -7 + (-13 - (-21 - 19)) - -12?
38
What is the value of 14 - (58 - 30) - (-49 - 8)?
43
Evaluate 93 + (-1 + 14 - ((-12 - 0) + (-765 - -795))).
88
43 - (-32 + (7 - -18) - (-3 + -9 + 6))
44
(-14 - 2) + -40 + -13 + 34
-35
What is the value of -9 - (-15 - 10 - 8) - (1 - -18)?
5
Calculate -22 - (-16 + (12 - -3)) - -16.
-5
Calculate (-44 - -36) + -32 + (3 - -3).
-34
Calculate 6 + 45 + (28 - 55).
24
Evaluate -9 - 1 - (60 + (23 - 2 - (18 - 1))).
-74
What is the value of 28 - (9 - 76) - (-1 - (-3 - 6))?
87
What is -18 + 92 - (33 + 19)?
22
Calculate 7 - ((-14 + 26 + 1 - 2) + -13 - 12).
21
-5 - (36 - ((355 - 333) + (0 - 4)))
-23
What is the value of 111 - 125 - (-2 + 27) - (4 + -3)?
-40
Evaluate -23 + (21 - 16) + 55.
37
What is the value of -3 - (5 + -61 + -2) - (12 + 28 - 52)?
67
Evaluate -1539 - -1562 - (0 + (1 - 23)).
45
What is -12 - (-6 + -35 + -57)?
86
Calculate ((7 - (-9 + 8)) + -15 - -9) + (4 - 58).
-52
-13 - (1 - 0) - (56 - 53)
-17
What is -54 + 5 + (-18 - (39 - 45))?
-61
Calculate (32 - -2) + -45 + 75.
64
Calculate (-4 - 10) + 12 - (-40 + 77 - -83).
-122
What is -72 - (-55 + (-122 - -81))?
24
(40 + -11 - (5 - 4)) + (75 - 70)
33
What is -171 + (50 - -19) - (-6 - (-5 - -5))?
-96
What is (-2 + -28 - (82 + -102)) + -18?
-28
What is the value of 6 + -36 + 41 + 3 + -8 - -61?
67
Calculate (55 - 50) + (145 - -2) - 19.
133
What is 3 - 19 - (14 - 32 - (-5 - 13))?
-16
Evaluate 0 + -3 - (-72 + 23).
46
Calculate 116 + -1 - (-10 + (2 - 1) + 240 + -228).
112
What is -10 - (-136 + ((-1 - -11) + 397 + -393 - 6))?
118
Evaluate 208 + -40 + -196 + (0 - -77).
49
Calculate -6 + (-682 + 700 - (1 - 11)).
22
What is the value of 22 + -33 + 38 + 56 - (-2 + -18)?
103
Evaluate -38 + (32 - -5 - -37).
36
What is the value of 9 + (43 + (-9 + -3 - -11) + -10 - -11)?
52
What is 12 - (151 - 50 - (1 + -7 + (34 - 36)))?
-97
What is the value of (271 - 137) + -175 + 161?
120
0 + (-13 - (3 - 30) - 18) - 14
-18
Evaluate -10 + -15 + -13 + 21 + 15 + 50.
48
What is the value of -1 - (-13 + 5) - 0 - (7 - 7)?
7
What is the value of 18 + -35 + 65 + -34?
14
What is 57 - (0 + (4 - -2)) - (-25 + 51 + -27)?
52
Evaluate (-3 - -24) + 14 + -14 - 34.
-13
Evaluate (-140 - -178) + (-35 - 15) - (0 + -36).
24
Evaluate -72 - 0 - (-4 - -4 - (7 + -14 - -15)).
-64
(-14 + 111 - 11) + -30 - 13
43
Evaluate (6 - -2 - -4) + 10 + 0 + (-45 - -9).
-14
Calculate -13 + -22 - (-115 - -79).
1
1 - (7 - (9 - (-1 + -5))) - -38
47
What is -123 + ((-68 - -36) + 69 - 19)?
-105
189 + -177 + (-1 - -5)
16
-90 + ((-4 - -1) + 3 - (5 - 17))
-78
Evaluate -6 + -1 + -42 + (-19 - -14).
-54
What is -1703 + 1753 + (2 - 14)?
38
Calculate -26 - (-41 + (35 - 21)).
1
What is the value of (-1 - 5) + (-48 + 37 - 20 - -121) + -15?
69
What is the value of 29 + -88 + 200 + -1 + -47?
93
What is the value of -6 + 0 + 5 + (13 - 11) + -14 + -1?
-14
What is the value of (13 - (13 + 8)) + ((-3 - -8) + -7 - 69)?
-79
(42 - 45) + (1 - -61)
59
What is (22 - 10 - -1) + -14 - (-10 - -3)?
6
Calculate 32 - 1 - (-7 - (0 - 18 - (-11 - -3))).
28
-428 + 433 - (0 - (-48 - 1))
-44
Calculate (34 - -5) + (-19 - (11 + -32)).
41
Evaluate (-2 - (-18 + 11 + 5 + 5)) + -187 + 221.
29
What is the value of -51 + (27 - -35) + (-59 - -1) + 0?
-47
Calculate -22 + -38 + (13 - -2) + 53.
8
-1 + -3 + 1431 + -1363
64
Calculate 4 + 8 - -7 - 6 - 50.
-37
What is the value of -28 + 7 - (-3 + (-22 - -13) - -7)?
-16
What is -44 + (-5 - -16 - 16 - -7)?
-42
What is -81 + (-62 - -81 - -125)?
63
What is the value of (4 - 40) + (-1 - -5) + (6 - -9 - 23)?
-40
Evaluate -5 + 1 + -386 + 378 - (-7 - -12 - 136).
119
What is the value of 4 + 0 + (-136 + 13 - -128)?
9
Calculate 81 + (-95 + 26 - -25).
37
What is 5 + (4 - 3) + (627 - 632)?
1
Evaluate -3 + 3 + 11 + (-11 - -4) - (54 - 5).
-45
Evaluate (474 - 467) + (43 - 0) - (1 + -20).
69
What is the value of -2 - 98 - (-8 + (2 - 23))?
-71
Calculate 10 - (11 - 6) - (-15 - -12).
8
99 - (6 - (18 - (0 - 15 - -32)))
94
Evaluate (-3 - (15 - 40)) + (-10 - 21) - 8.
-17
Calculate 20 - ((5 - -27) + -13).
1
What is -1 + (-2 - -9) + 19 + -2?
23
Calculate -11 - (-62 + 33 + 10 + 8).
0
3 + -3 + 1 + 60 + 12 + -97
-24
Calculate (40 - 1) + -3716 + 3698.
21
16 + (-26 - -34) - 37 - (-31 + 6 + -10)
22
What is (-106 + 179 - 97) + 4 + 3?
-17
Evaluate (-19 - (-28 + 20) - -7) + -27.
-31
What is the value of 1 + 73 + (-3 + (-6 - -9) - (21 - 20))?
73
What is the value of (-5 - (-3 - 29)) + 4 + 24 + -25?
30
Calculate 33 + (94 - 49) + -11.
67
What is the value of 1 + (-37 + -33 - -28)?
-41
Calculate (18 + -48 + 26 - -10) + 4 + 71.
81
What is the value of 7 + -49 + 56 - (-49 - -6)?
57
What is (101 - 141) + (35 - -18)?
13
Evaluate 94 - (-101 - -159 - 58).
94
What is the value of -89 + (-250 - -252 - (-34 - -2))?
-55
Evaluate (1 - 38) + 3 + (-19 - -34) + -32 + 20.
-31
What is the value of -43 + 41 - -15 - 15?
-2
(1 - 7) + (15 + -5 - -44) - 5
43
Evaluate -1105 + 976 + (120 - -5).
-4
What is -24 - -10 - ((25 - 13 - 2) + -13)?
-11
What is the value of -60 + -30 + 107 + 18?
35
Evaluate -2553 + 2531 + -1 + 15 + -1.
-9
Evaluate -69 + 117 + -11 - 119.
-82
135 - (59 - 18) - -4 - 23
75
What is -2 + (-51 + 16 - -69)?
32
What is the value of 74 + (-35 - 2 - 7)?
30
Evaluate 3 - (-42 - (9 + (3 - -1) - (-71 - -82))).
47
(1 - 83) + (-576 - -558) + 29
-71
Evaluate (34 + (-13 - -10) - 12) + 18.
37
-23 + (-9 - (-2 + -2) - 0)
-28
What is the value of 4 + (-8 - -22 - 3) + -48?
-33
What is -33 - -12 - (-13 + 47) - -3?
-52
Calculate 13 + -1 + (-58 - -13 - -44) + 3.
14
Calculate 1 + -39 + 42 + (-4 + -71 + 5 - 1).
-67
What is ((20 - 6) + 19 - 18) + 20?
35
Evaluate -7 + 5 + (12 - -1 - (-4 + (-57 - 37))).
109
Calculate 11 + -11 - -10 - 63 - (-7 - -2 - 0).
-48
0 + 5 + -77 + 69 + (-18 - 5) + 0
-26
Calculate 63 + (-49 - -11) - 44.
-19
Calculate (-1 - 1) + -13 + 23 + (7 - 14) + 5.
6
Calculate 126 - (-53 + 105) - 120.
-46
What is -476 + 477 - (-44 - -2)?
43
Calculate (79 - 103) + -37 + 5.
-56
-1 + (35 - 25) - 17 - (2 + 25 + 3)
-38
Evaluate -14087 + 14081 + (1 + (-2 - -3) - (-9 + 4)).
1
What is (26 - -7) + -47 + (-75 - -69 - (-103 - -1))?
82
What is the value of (2 - -6) + -1 - ((207 - -6) + -233)?
27
Evaluate (-6 + 12 + -11 - (2 - -99)) + (-40 - -34).
-112
What is (0 - (-22 - -26 - (-6 + 5))) + (6 - -3)?
4
(0 - -65) + 120 + -43 + -103
39
Calculate 8 + 1 - (-3878 - -3835 - (-3 + -9 + -1)).
39
-11 + -45 + -20 + 1 + 32
-43
What is -55 - -165 - 46 - 73?
-9
(-7 + 139 - -18) + -5 + 4 + 0 + -11
138
Calculate -20 + (46 - (7 - -11)) + 2.
10
What is 46 - (-